3 - 491*w**2 + 34*w + 164. What is x(-6)?
-4
Let n(y) = -4*y**2 + 6*y + 21. Give n(-2).
-7
Let t(n) = -243*n + 7178. Calculate t(30).
-112
Let b(h) = -13*h**2 - 63*h - 6. What is b(-5)?
-16
Let b(z) = 44*z + 353. What is b(-8)?
1
Let s(j) = -7*j + 257. What is s(42)?
-37
Let l(o) = o**3 + 62*o**2 - 24*o + 2426. Calculate l(-63).
-31
Let d(v) = -2*v**3 - v**2 + 3*v - 6. What is d(3)?
-60
Let d(z) = 46*z - 104. Determine d(8).
264
Let a(w) = w**3 - 9*w**2 + 16*w - 106. Determine a(9).
38
Let k(p) = -41*p - 429. Calculate k(-13).
104
Let p(t) = t**3 - 107*t**2 - 122*t + 1465. What is p(108)?
-47
Let p(g) = 59*g - 469. Determine p(8).
3
Let l(t) = 609*t - 14612. Calculate l(24).
4
Let q(w) = -6*w**3 + 2*w**2 + 3*w + 2. Calculate q(-1).
7
Let q(v) = 83*v + 13883. Determine q(-167).
22
Let u(w) = 74*w - 841. Determine u(12).
47
Let v(g) = -6*g**2 - 5*g - 18. Determine v(4).
-134
Let j(i) = -53*i**3 - 29*i**2 - 10*i + 18. What is j(-1)?
52
Let h(t) = 2*t**3 + t**2 - 69*t - 199. What is h(-4)?
-35
Let t(v) = 18*v + 878. Give t(-49).
-4
Let c(d) = d**2 + 45*d - 224. What is c(-50)?
26
Let u(m) = -m**2 + 5*m + 29. Determine u(26).
-517
Let s(h) = -2*h**3 + 11*h**2 - 3*h - 20. Give s(5).
-10
Let h(g) = 117*g + 843. Determine h(-5).
258
Let i(o) = o**3 - 16*o**2 + 58*o + 39. Give i(10).
19
Let b(c) = -3*c**2 + 12*c + 8. Determine b(4).
8
Let o(m) = -m**2 + 22*m + 48. Give o(24).
0
Let u(g) = 2*g**2 + 8*g - 50. What is u(-7)?
-8
Let t(n) = 2*n**3 + 88*n**2 + 457*n - 80. What is t(-38)?
-118
Let k(i) = -2*i**2 + 125*i - 36. Determine k(58).
486
Let j(x) = 2*x**3 + 2758*x**2 - 2758*x + 1. What is j(1)?
3
Let g(a) = 3*a**3 - 19*a**2 - 106*a + 268. Calculate g(2).
4
Let i(f) = -20*f**2 - 25*f - 82. What is i(-3)?
-187
Let s(w) = w**3 + 29*w**2 - 59*w + 12. What is s(-31)?
-81
Let o(r) = 49*r**2 + 884*r + 32. Give o(-18).
-4
Let t(r) = -83*r - 564. Determine t(-7).
17
Let g(i) = -235*i - 3252. Determine g(-14).
38
Let l(t) = t**3 + 8*t**2 + 7*t - 18. What is l(-4)?
18
Let t(o) = 1252*o**3 + 20*o**2 - 4*o - 2. Calculate t(-1).
-1230
Let o(x) = -x**3 - 26*x**2 + 24*x - 1. Determine o(-27).
80
Let a(i) = 2*i**3 - 227*i**2 + 338*i - 230. What is a(112)?
-6
Let t(j) = -4094*j + 4069. Calculate t(1).
-25
Let z(d) = -5*d**2 + 54*d + 19. Determine z(10).
59
Let q(r) = -24*r**2 + 721*r - 36. Determine q(30).
-6
Let u(n) = -n**3 + 3*n**2 + 310*n - 3. Determine u(-16).
-99
Let s(u) = 15*u**2 + 419*u - 33. Determine s(-28).
-5
Let d(f) = 275*f - 4471. Calculate d(15).
-346
Let v(c) = 4*c**2 - 82*c - 36. Give v(21).
6
Let b(z) = -z**2 - 20*z - 606. Calculate b(-22).
-650
Let j(i) = -3*i**2 - 3*i - 12. Calculate j(11).
-408
Let q(n) = 76*n + 539. What is q(-7)?
7
Let i(l) = 14*l + 25. Calculate i(-1).
11
Let d(b) = -89*b**2 - 350*b + 24. Determine d(-4).
0
Let n(c) = -46*c**3 + 11*c**2 + 3*c + 3. What is n(-2)?
409
Let g(a) = a**2 - 46*a + 102. Calculate g(49).
249
Let y(h) = -30*h + 2146. Give y(72).
-14
Let r(a) = 3*a**3 - 9*a**2 - 3*a + 34. Give r(2).
16
Let b(t) = t**2 + 40*t + 110. What is b(-37)?
-1
Let h(s) = s**3 + 29*s**2 - 103*s - 232. Calculate h(-32).
-8
Let i(u) = -3*u**2 - 110*u - 100. Calculate i(-36).
-28
Let d(p) = -3*p**2 + p + 60. Calculate d(-3).
30
Let m(f) = 3*f**3 + 33*f**2 - 45*f - 105. What is m(-12)?
3
Let p(g) = -6*g**2 + 78*g - 404. Give p(5).
-164
Let m(d) = d**3 + 21*d**2 - 52*d - 145. What is m(-23)?
-7
Let p(m) = 18*m - 112. Give p(17).
194
Let k(m) = -2129*m + 8515. Give k(4).
-1
Let g(d) = 576*d - 14402. Calculate g(25).
-2
Let z(r) = 27*r**2 - 489*r + 1270. Determine z(15).
10
Let u(k) = k**2 + 22*k + 129. What is u(-10)?
9
Let u(x) = -398*x - 5965. What is u(-15)?
5
Let y(f) = 3*f**2 - 13*f - 84. Calculate y(-5).
56
Let m(r) = -123*r**2 - 6*r - 1. What is m(1)?
-130
Let n(x) = -49*x**2 + 257*x - 64. Give n(5).
-4
Let x(u) = -u**3 - 6*u**2 + 6*u + 50. Give x(-5).
-5
Let d(x) = -x**3 - 2*x**2 + 10*x + 62. Give d(-7).
237
Let y(d) = -d**3 + d**2 + 68*d + 78. Give y(-7).
-6
Let o(r) = 25*r - 370. What is o(13)?
-45
Let y(z) = -5*z**2 - 4*z + 11. Determine y(2).
-17
Let g(l) = -13*l**2 + 201*l + 355. Determine g(17).
15
Let m(x) = -198*x + 386. Calculate m(2).
-10
Let k(i) = -3*i**2 + 289*i - 3902. What is k(80)?
18
Let r(i) = i**3 + 44*i**2 + 157*i - 38. What is r(-40)?
82
Let v(h) = h**2 - 48*h - 460. Give v(-8).
-12
Let j(q) = q**3 + 20*q**2 - 866*q - 203. Give j(-41).
2
Let k(b) = 8*b**3 - b**2 - 25*b + 55. Calculate k(5).
905
Let c(s) = -35*s - 5. Determine c(4).
-145
Let a(r) = -5*r**3 + r**2 + 3*r + 5. Give a(-2).
43
Let f(v) = 1165*v + 6985. What is f(-6)?
-5
Let n(p) = -p**3 + 116*p**2 + 321*p + 4294. What is n(119)?
10
Let z(v) = 351*v**2 - 3158*v - 11. Calculate z(9).
-2
Let s(z) = -1118*z + 12292. What is s(11)?
-6
Let g(l) = 2*l**3 + 19*l**2 + 7*l + 122. What is g(-11)?
-318
Let a(l) = -304*l + 2379. What is a(8)?
-53
Let a(d) = d**3 - 7*d**2 - 5*d. What is a(0)?
0
Let k(b) = -179*b - 4111. Give k(-23).
6
Let r(d) = 704*d - 8441. Calculate r(12).
7
Let t(s) = -36*s - 186. Determine t(-5).
-6
Let p(l) = l**3 - 19*l**2 + 519*l + 1128. Calculate p(-2).
6
Let p(w) = -w**3 + 12*w**2 - 16*w - 48. Calculate p(7).
85
Let h(x) = -x**3 + 2*x**2 + 7*x - 10. What is h(3)?
2
Let p(m) = -23*m**2 - 189*m + 154. Determine p(-9).
-8
Let m(x) = 50*x - 225. Give m(5).
25
Let y(m) = 147*m + 3817. Give y(-26).
-5
Let t(o) = -21171*o - 127028. Determine t(-6).
-2
Let o(y) = -8*y**3 + 11*y**2 - 32*y + 63. What is o(2)?
-21
Let x(g) = -3*g**2 + 543*g - 3273. Determine x(6).
-123
Let v(a) = -a**2 + 23*a - 39. What is v(-3)?
-117
Let m(l) = l**3 + 224*l**2 + 5130*l - 468. Determine m(-26).
0
Let c(m) = -2*m**2 + 87*m + 42. What is c(44)?
-2
Let o(w) = 2*w**3 + 85*w**2 - 125*w + 41. Calculate o(-44).
-267
Let a(g) = -37*g**2 - 35*g - 13. Give a(-1).
-15
Let l(c) = 8*c**3 - 2*c**2 - 23*c - 12. Calculate l(-1).
1
Let m(z) = z**2 + 151*z + 4067. Determine m(-35).
7
Let u(l) = 2*l**3 - 23*l**2 - 119*l + 1444. Calculate u(11).
14
Let b(u) = 8*u**2 + 11*u - 64. Determine b(4).
108
Let w(g) = g**3 + 11*g**2 - 7*g - 89. Determine w(-3).
4
Let u(k) = 63*k - 2480. Give u(41).
103
Let s(l) = -l**3 + 17*l**2 - 33*l - 37. Determine s(0).
-37
Let x(p) = 3*p**3 + 32*p**2 + 25*p - 30. Give x(-10).
-80
Let r(c) = -3*c**3 + 39*c**2 - 43*c + 103. Calculate r(12).
19
Let o(u) = 18939*u + 94692. Give o(-5).
-3
Let k(v) = v**2 - 63*v + 304. Calculate k(6).
-38
Let n(r) = -9*r + 91. What is n(-26)?
325
Let j(z) = -z**3 + 29*z**2 + 46*z - 477. What is j(30)?
3
Let h(l) = -1814*l - 5509. Give h(-3).
-67
Let t(y) = -2*y**2 - 31*y - 302. Determine t(-16).
-318
Let y(t) = -t**3 + 31*t**2 + 66*t + 26. Calculate y(33).
26
Let v(p) = -p**3 - 6*p**2 + 18*p + 63. Calculate v(-8).
47
Let v(c) = c**3 - 214*c**2 - 652*c - 7. Determine v(-3).
-4
Let n(m) = -24*m + 148. Calculate n(16).
-236
Let v(n) = -22*n**2 - 108*n - 46. Calculate v(-4).
34
Let i(u) = u**2 + 48*u - 803. Give i(-61).
-10
Let a(z) = -7*z**2 + 202*z - 354. Give a(27).
-3
Let b(h) = -h**2 + 418*h + 224639. Give b(-309).
-4
Let d(w) = 15*w**3 - 42*w**2 - 77*w + 2. Determine d(-2).
-132
Let j(h) = -h**3 + 13*h**2 - 39*h - 15. Determine j(7).
6
Let y(o) = -648*o + 9654. Calculate y(15).
-66
Let y(j) = 2*j**2 - 58*j + 6. Determine y(26).
-150
Let i(h) = -23*h**2 + 163*h - 29. Calculate i(7).
-15
Let v(z) = 2*z**3 - 245*z**2 + 120*z + 235. Determine v(122).
-9
Let h(d) = d**3 + 2*d**2 - 9*d - 16. Calculate h(-4).
-12
Let t(g) = -g**3 + 10*g**2 + 33*g - 10. Determine t(-4).
82
Let y(l) = -113*l - 1354. Determine y(-12).
2
Let i(y) = y**3 + 81*y**2 - 179*y - 1126. What is i(-83)?
-47
Let d(t) = t**3 - 19*t**2 - 6*t + 97. Give d(19).
-17
Let u(r) = -958*r - 1930. Give u(-2).
-14
Let q(z) = 3*z**3 - 45*z**2 - 4*z + 57. Give q(15).
-3
Let v(p) = 20*p - 694. Give v(32).
-54
Let c(r) = -r**3 + r**2 + 8. Determine c(3).
-10
Let b(s) = 11*s + 127. Calculate b(-8).
39
Let n(b) = -35*b**2 - 5*b + 6. Determine n(1).
-34
Let s(k) = -2893*k + 8692. Give s(3).
13
Let n(z) = -14*z**3 + z**2 + 5*z - 13. Determine n(3).
-367
Let d(r) = -3*r**3 - 49*r**2 - 6*r + 129. What is d(-16)?
-31
Let u(l) = l - 11. Determine u(15).
4
Let g(k) = k**2 - 80*k + 918. Determine g(14).
-6
Let j(s) = -10*s**2 + 618*s + 156. What is j(62)?
32
Let t(k) = -3*k**2 - 3